 + 5*o - 15. Let l(x) = 11*f(x) + 2*n(x). Suppose 1 = -r - 4, 3*r + 7 = 4*y. Is l(y) prime?
False
Let k(o) = 402*o - 49. Suppose -1 + 4 = -3*v, -48 = -3*w + 3*v. Is k(w) composite?
False
Let y be (-25)/((-20)/4) + -246. Let d = -42 - y. Is d a prime number?
True
Let o(b) = 8*b**2 - 3*b - 40. Let v be (4 - 19/7)*7. Is o(v) composite?
True
Let j be (-18)/24 + 6486/8. Suppose 5*p - j - 670 = 0. Suppose -2*y = -606 - p. Is y a prime number?
False
Let s(p) = -45 + 77*p**3 - 34*p**3 + 11*p - 42*p**3 + 2*p**2. Is s(11) a prime number?
False
Suppose -4*r + 4 = 4*p + 52, -4*r = -4*p - 32. Let z be p/2*(-64)/40. Suppose 0 = -13*m + z*m + 5485. Is m composite?
False
Let r = -40 + 43. Is -6863*(-2 + r - 2/1) prime?
True
Let p = -68719 + 173540. Is p composite?
True
Let y be (20/4 + -9)/(-2). Suppose -2 = -y*g, 2*w + 5*g = -w + 11594. Is w a composite number?
False
Let g(v) = 144*v + 119. Let z be 6/36*-4*270/(-4). Is g(z) composite?
False
Suppose -14*k - 17 + 3 = 0. Let z = k + 75. Let w = z + 11. Is w composite?
True
Let n(v) = -v**3 - 4*v + 196429. Is n(0) prime?
True
Let o = 14 + 17. Let y = 44 - o. Is (-887*1)/(-14 + y) prime?
True
Let m(j) = 4*j**3 + 19*j**2 - 5*j + 3. Let i = -62 - -67. Is m(i) a prime number?
True
Let w(h) = 23*h**2 - 3*h + 3. Let y(d) = 12*d**2 - 2*d + 1. Let i(s) = -2*w(s) + 5*y(s). Let n = 1572 + -1576. Is i(n) composite?
False
Is 184/32 + 2/8 + (-272254)/(-2) a composite number?
False
Is (-1)/(1/(159905/(-959435)) - (1 + -7)) a composite number?
False
Suppose -3*c - 2*p = -992473, -751307 - 902773 = -5*c + 5*p. Is c composite?
False
Let r(x) = -352*x - 31. Let i be r(-7). Let l be (2 - (2 + -2)) + 3/1. Is (-2 - (-24)/10) + i/l prime?
True
Let x = 18 - 6. Suppose -x = o + 5*o. Is (3/9)/(((-6)/o)/19377) prime?
True
Suppose 131*d - 3192 = 155*d. Let h = 2340 + d. Is h prime?
True
Let c be (-15)/(-2)*2/3. Suppose -18*u - 8*u + 130 = 0. Suppose 221 = b - u*a, c*a = -3*b + 7*b - 899. Is b prime?
False
Let i(u) = -1098*u**3 - 10*u**2 - 11*u + 70. Is i(-9) composite?
False
Let o(w) = -3*w**3 - 2*w**2. Let i be (-93)/24 - (-1)/(-8). Let q be o(i). Let y = 293 - q. Is y a prime number?
False
Suppose 106*b - 131*b + 4542921 + 5819654 = 0. Is b prime?
True
Suppose -550*i = -585*i + 3675665. Is i prime?
True
Suppose 4*r + 20 = 4*z, -5*z - r + 7 = -0. Suppose z*o - 102 = -h + 1677, -h + 4446 = 5*o. Is o a prime number?
False
Let y be (2 - -1) + (-657)/(-3). Let v(w) = w**2 + w + 73. Let q be v(0). Let n = y - q. Is n prime?
True
Let m(v) = 4167*v - 265. Is m(6) composite?
True
Suppose -6*c = 1740 + 11694. Let o = 4208 + c. Is o a prime number?
False
Suppose 0*n - 3*n + w + 59527 = 0, n - 4*w = 19857. Is n prime?
True
Suppose -r = 3*a - 63944, -11*a + 152379 = 3*r - 82079. Is a composite?
False
Is ((-1 - 0) + -125192)*((-980)/(-84))/(-35) prime?
False
Suppose 4*s + 3*p - 19 = -0*p, 4*s - 3*p - 13 = 0. Suppose -q + 2 = 0, 4*b + 4*q + 0 - 8 = 0. Suppose b = -s*x, 229 = y + x - 174. Is y a prime number?
False
Suppose 5*i - a + 183 = 0, -171 = 5*i - 5*a + 8*a. Let d = i + 289. Is d prime?
False
Let s be (-1)/(-2) - (-70623)/(-38). Let z = -15 + 36. Is (s/(-2))/((-14)/z)*-2 a prime number?
False
Suppose 302216 + 448163 = 7*v. Is v a prime number?
True
Let v = 139 + 326. Let g(a) = -4 + 4 - v*a + 4. Is g(-1) prime?
False
Suppose 372275 = 19*n - 1503376 + 475864. Is n a prime number?
True
Let r(d) = 116*d + 19. Let h(b) = 580*b + 96. Let s(i) = 2*h(i) - 11*r(i). Is s(-8) a prime number?
True
Let a = 117 - 100. Suppose -a*i = -31040 - 18039. Is i a prime number?
True
Suppose 760*g - 762*g + 10 = 0. Suppose g*r - 5*n - 80800 = -8220, -2*r = -n - 29035. Is r prime?
True
Let b(f) be the first derivative of -61*f**4/4 - 7*f**3/3 + f**2 + 29*f + 155. Is b(-6) a composite number?
False
Let j(x) = 1845*x**2 + 3*x - 19. Is j(7) a composite number?
False
Suppose 9*g = 3*f + 6*g - 6, 16 = 4*g. Let p(j) = 931*j - 85. Is p(f) composite?
False
Suppose 35*j - 784 = 1666. Is 11938/14 - j/(-245) a prime number?
True
Is (5971/(-63))/(3/(-11313)) composite?
True
Suppose -2*g + 33021 = j, 39*j - 42*j + 5*g = -98997. Is j composite?
True
Suppose 32*d - 15152 = 30*d + 34650. Is d composite?
True
Suppose y = -r + 18838, -2*y + 18837 = -9*r + 10*r. Is r prime?
True
Let l = 18682 + 25207. Is l a composite number?
False
Let h = -1843 + 2722. Suppose -133*c = -132*c - h. Is c a prime number?
False
Is 247148062/(-147)*6/(-4)*1 a composite number?
False
Suppose 2*k + 0*q = 2*q + 8958, 0 = -k + 2*q + 4483. Let m = k - 2628. Is m composite?
False
Let b(q) = -13*q**3 - 21*q**2 - 20*q - 1141. Is b(-27) composite?
True
Let a be 6/21 - (-51)/(-7). Let p be (a - -13)/(3/2). Suppose 5*x = q + 273, -2*x - q = p*q - 120. Is x a prime number?
False
Let h(g) = -63*g**2 + 3*g + 34. Let i be h(-7). Let n = i - -5311. Is n a composite number?
False
Suppose 0 = 21*p - 25*p - 4*k, -4*k = -p + 10. Is p + 190467/27 + (-4)/(-6) a prime number?
True
Let z(h) = -12*h**3 - 38*h**2 - 63*h - 116. Is z(-35) prime?
True
Let q(j) = -5 + 2 + 31*j**2 + 118*j**2 - 12*j. Is q(-4) a prime number?
False
Let q(f) = 119*f - 4. Suppose 0 = -5*l - 4*v + 43, -1 + 0 = l - 4*v. Suppose -5*p + l = 3*u, 0*u - 2*u + 14 = p. Is q(u) a composite number?
True
Let j(i) = i**2 - 23*i - 108. Let m be j(27). Suppose -c - 3*r + 1915 = 0, -4*c + m*c = r - 7638. Is c prime?
False
Is 188889 - 0 - (36 - -4)/(-20) a prime number?
True
Suppose -105*f = -81*f - 14694216. Is f prime?
True
Let x = 12892 - 1379. Is x a prime number?
False
Let y = -26 - -37. Let t(j) = 12*j**2 + 8*j - 22. Let p be t(y). Is p/4 + ((-26)/(-4) - 7) prime?
True
Let f(k) = k**3 - 9*k**2 + 25*k + 20. Let q be f(11). Let x = q + -94. Is x composite?
False
Suppose 628955 = 8*u - 80167 - 596486. Is u prime?
False
Let f(j) = 14*j - 44. Let c(o) = 15*o - 45. Let x(u) = -3*c(u) + 4*f(u). Let l be x(4). Is (1/l)/(11/27093) composite?
False
Let u = 53915 - 31108. Is u a composite number?
False
Let l(v) = 574*v**2 - 3*v. Suppose -22*n - 9 = -18*n - x, 5*x = 5*n + 15. Is l(n) composite?
True
Let k(q) = 1053*q + 110*q - 62 - 92*q. Is k(4) a composite number?
True
Let d(o) = -2484*o**3 + 9*o**2 + 84*o + 7. Is d(-6) prime?
False
Let t(v) be the third derivative of -3*v**4/8 - 35*v**3/6 + 30*v**2. Is t(-8) prime?
True
Let r = -9 - -639. Let m = -356 + r. Is m a composite number?
True
Let q be 1*10*((-146008)/(-16) + 7). Let p = q + -52932. Is p a composite number?
False
Suppose 0 = 3*o - 9, 5*f = 10*f + 3*o - 26109. Suppose 0*w - 5*w + f = -5*l, 2073 = 2*w + l. Is w prime?
True
Suppose -2522 - 1672 = -3*y. Let z = 1123 + y. Is z composite?
False
Suppose -124 = -5*z + 76. Suppose 3*m = -5*m + z. Suppose 3*l - m*j - 15888 = -6482, 0 = -3*l + 4*j + 9401. Is l prime?
False
Let p = 46066 + -17511. Suppose -p = -5*i + 3*v, -9*i = -5*i + 2*v - 22844. Is i a prime number?
True
Let m(q) = -1204*q**2 + 7*q + 15. Let a(j) = -6019*j**2 + 35*j + 75. Let u(d) = 2*a(d) - 11*m(d). Let s be u(-5). Suppose 11*l = 21*l - s. Is l prime?
False
Let z(b) = 7178*b**3 + 5*b**2 - 5*b - 7. Is z(2) a prime number?
True
Let q(c) be the third derivative of 5*c**4/8 + 8*c**3/3 - 2*c**2 + 231. Let h = 10 + 3. Is q(h) composite?
False
Let c(o) = o**3 - 29*o**2 + 131*o - 32. Let l be c(24). Suppose -6*d + 16392 = -2*d. Suppose -f + 2 = 0, -f - d + l = -4*x. Is x a prime number?
True
Suppose 793952 = 55*a - 931893. Is a composite?
False
Let d = -79191 - -118180. Is d a composite number?
True
Let d = 44 - 41. Suppose 324 = -d*q - q. Is (-25695)/q + (-2)/9 a prime number?
True
Let d(r) = 4*r**3 - 15*r**2 - 5*r - 5. Let i(w) be the third derivative of w**5/30 + w**4/8 - 5*w**3/6 + 14*w**2. Let a be i(2). Is d(a) a composite number?
True
Suppose -8*m - 13 = -29. Is -5 - -1 - m - -12443 a prime number?
True
Let r be 0 + 766 + 45/(-105)*-7. Let s = 1767 - r. Is s composite?
True
Is (0 - (1356736/(-7) - 7)) + (-8)/(-14) a composite number?
True
Let f(t) = t**3 + 6*t**2 + 7*t + 4. Let p be f(-5). Let q be (592/p)/(1/(-7 - -4)). Is ((-1*9)/(-3))/(12/q) composite?
True
Suppose -3*w - 10*w = -2579525. Suppose -12*l = 13*l - w. Is l composite?
False
Suppose 2*w + 2*j + 441 = 3*w, -w = 4*j - 429. Let p = 244 + w. Is p composite?
True
Let g(q) = -18*q**3 + 5*q**2 - 3*q + 6. Let m be g(5). Let c = 10227 + m. Is c prime?